{"id":5,"date":"2024-06-07T12:03:44","date_gmt":"2024-06-07T12:03:44","guid":{"rendered":"https:\/\/www.klinickaispitivanja.hr\/dobrotajelijek\/?page_id=5"},"modified":"2024-06-11T07:16:04","modified_gmt":"2024-06-11T07:16:04","slug":"home","status":"publish","type":"page","link":"https:\/\/www.klinickaispitivanja.hr\/dobrotajelijek\/","title":{"rendered":"Naslovna"},"content":{"rendered":"\n<figure class=\"wp-block-image aligncenter size-full is-style-default\"><img loading=\"lazy\" decoding=\"async\" width=\"374\" height=\"145\" src=\"https:\/\/www.klinickaispitivanja.hr\/dobrotajelijek\/wp-content\/uploads\/sites\/2\/2024\/06\/LOGO-transparent-PNG-Dobrota-je-lijek.png\" alt=\"\" class=\"wp-image-8\" srcset=\"https:\/\/www.klinickaispitivanja.hr\/dobrotajelijek\/wp-content\/uploads\/sites\/2\/2024\/06\/LOGO-transparent-PNG-Dobrota-je-lijek.png 374w, https:\/\/www.klinickaispitivanja.hr\/dobrotajelijek\/wp-content\/uploads\/sites\/2\/2024\/06\/LOGO-transparent-PNG-Dobrota-je-lijek-300x116.png 300w\" sizes=\"auto, (max-width: 374px) 100vw, 374px\" \/><\/figure>\n\n\n\n<h2 class=\"wp-block-heading has-text-align-center\">Inicijativa s ciljem podizanja svijesti o va\u017enosti klini\u010dkih ispitivanja za rijetke bolesti i o razvoju novih lijekova i terapija u svrhu izlje\u010denja.<\/h2>\n\n\n\n<h1 class=\"wp-block-heading has-text-align-center has-palette-color-3-color has-text-color has-link-color wp-elements-dd536689d8066fb3420788609e68d3d3\">Uskoro online &#8211; pratite stranicu<\/h1>\n\n\n\n<p><\/p>\n","protected":false},"excerpt":{"rendered":"<p>Inicijativa s ciljem podizanja svijesti o va\u017enosti klini\u010dkih ispitivanja za rijetke bolesti i o razvoju novih lijekova i terapija u svrhu izlje\u010denja. Uskoro online &#8211; pratite stranicu<\/p>\n","protected":false},"author":1,"featured_media":0,"parent":0,"menu_order":0,"comment_status":"closed","ping_status":"closed","template":"","meta":{"footnotes":""},"class_list":["post-5","page","type-page","status-publish","hentry"],"blocksy_meta":[],"_links":{"self":[{"href":"https:\/\/www.klinickaispitivanja.hr\/dobrotajelijek\/wp-json\/wp\/v2\/pages\/5","targetHints":{"allow":["GET"]}}],"collection":[{"href":"https:\/\/www.klinickaispitivanja.hr\/dobrotajelijek\/wp-json\/wp\/v2\/pages"}],"about":[{"href":"https:\/\/www.klinickaispitivanja.hr\/dobrotajelijek\/wp-json\/wp\/v2\/types\/page"}],"author":[{"embeddable":true,"href":"https:\/\/www.klinickaispitivanja.hr\/dobrotajelijek\/wp-json\/wp\/v2\/users\/1"}],"replies":[{"embeddable":true,"href":"https:\/\/www.klinickaispitivanja.hr\/dobrotajelijek\/wp-json\/wp\/v2\/comments?post=5"}],"version-history":[{"count":7,"href":"https:\/\/www.klinickaispitivanja.hr\/dobrotajelijek\/wp-json\/wp\/v2\/pages\/5\/revisions"}],"predecessor-version":[{"id":29,"href":"https:\/\/www.klinickaispitivanja.hr\/dobrotajelijek\/wp-json\/wp\/v2\/pages\/5\/revisions\/29"}],"wp:attachment":[{"href":"https:\/\/www.klinickaispitivanja.hr\/dobrotajelijek\/wp-json\/wp\/v2\/media?parent=5"}],"curies":[{"name":"wp","href":"https:\/\/api.w.org\/{rel}","templated":true}]}}